{"id":115,"date":"2018-10-24T04:26:25","date_gmt":"2018-10-24T04:26:25","guid":{"rendered":"https:\/\/futuriodemos.com\/default-demo\/?page_id=115"},"modified":"2019-06-16T03:30:36","modified_gmt":"2019-06-16T03:30:36","slug":"full-width-page-no-gaps-title-image-sidebar","status":"publish","type":"page","link":"https:\/\/romarin.de\/?page_id=115","title":{"rendered":"Service und Dienstleistungen"},"content":{"rendered":"\t\t<div data-elementor-type=\"wp-post\" data-elementor-id=\"115\" class=\"elementor elementor-115\" data-elementor-settings=\"[]\">\n\t\t\t\t\t\t<div class=\"elementor-inner\">\n\t\t\t\t\t\t\t<div class=\"elementor-section-wrap\">\n\t\t\t\t\t\t\t<section class=\"elementor-section elementor-top-section elementor-element elementor-element-74742c87 elementor-section-boxed elementor-section-height-default elementor-section-height-default\" data-id=\"74742c87\" data-element_type=\"section\">\n\t\t\t\t\t\t<div class=\"elementor-container elementor-column-gap-default\">\n\t\t\t\t\t\t\t<div class=\"elementor-row\">\n\t\t\t\t\t<div class=\"elementor-column elementor-col-100 elementor-top-column elementor-element elementor-element-1a0c3a24\" data-id=\"1a0c3a24\" data-element_type=\"column\">\n\t\t\t<div class=\"elementor-column-wrap elementor-element-populated\">\n\t\t\t\t\t\t\t<div class=\"elementor-widget-wrap\">\n\t\t\t\t\t\t<div class=\"elementor-element elementor-element-f58f98e elementor-widget elementor-widget-heading\" data-id=\"f58f98e\" data-element_type=\"widget\" data-widget_type=\"heading.default\">\n\t\t\t\t<div class=\"elementor-widget-container\">\n\t\t\t<h2 class=\"elementor-heading-title elementor-size-default\">Service und Dienstleistungen<\/h2>\t\t<\/div>\n\t\t\t\t<\/div>\n\t\t\t\t<div class=\"elementor-element elementor-element-2dbbbaf0 elementor-widget elementor-widget-text-editor\" data-id=\"2dbbbaf0\" data-element_type=\"widget\" data-widget_type=\"text-editor.default\">\n\t\t\t\t<div class=\"elementor-widget-container\">\n\t\t\t\t\t\t\t\t<div class=\"elementor-text-editor elementor-clearfix\">\n\t\t\t\t<!-- wp:paragraph -->\n<p>Romarin Altbausanierung und Innenausbau freut sich Ihnen kompetente Beratung, Sanierungskonzepte sowie Individuellen Innenausbau anzubieten.<\/p>\n<!-- \/wp:paragraph -->\n\n<!-- wp:paragraph -->\n<p>Dazu z\u00e4hlen unter anderem der Verkauf  sowie Austausch Ihrer alten Fenster und T\u00fcren, Glasbau bzw. Austausch defekter Scheiben. Die Wartung und Reparatur besagter Bauelemente. Reparatur von Einbruchs Sch\u00e4den. Beratung und Verkauf von Sicherheitstechnik um diesen Einbruchs Sch\u00e4den Vorzubeugen.Verkauf,Montage und Automatisierung von Sonnenschutzsystemen. Dazu z\u00e4hlen Rolll\u00e4den, Markisen, Jalousie und Raffstore.<\/p>\n<!-- \/wp:paragraph -->\n\n<!-- wp:paragraph -->\n<p>Beratung Verkauf und Verlegung von Laminat und Parkett. Aufarbeiten bzw. renovieren von abgenutzten Parkett. ( abschleifen und neu versiegeln).Wir bearbeiten ebenfalls Versicherungssch\u00e4den wie z.B. Wasserschaden. Demontage des Bodenbelags sowie Trockung des Estrich und anschlie\u00dfende Neuverlegung des Bodenbelag. <\/p>\n<!-- \/wp:paragraph -->\n\n<!-- wp:paragraph -->\n<p>Wir bieten Individuellen M\u00f6belbau an. Sei es im kommerziellen Bereich des Laden und Messebau oder im sozialen Einrichtungen wie Kitas, Kindertagesst\u00e4tten, Schulen und Altersheimen.<\/p>\n<!-- \/wp:paragraph -->\n\n<!-- wp:paragraph {\"fontSize\":\"small\"} -->\n<p class=\"has-small-font-size\">*Die in Auftrag gegebenen Projekte f\u00fchren wir nach neusten Stand der Technik, Regel-und Normgerecht durch.<\/p>\n<!-- \/wp:paragraph -->\t\t\t\t\t<\/div>\n\t\t\t\t\t\t<\/div>\n\t\t\t\t<\/div>\n\t\t\t\t\t\t<\/div>\n\t\t\t\t\t<\/div>\n\t\t<\/div>\n\t\t\t\t\t\t\t\t<\/div>\n\t\t\t\t\t<\/div>\n\t\t<\/section>\n\t\t\t\t\t\t<\/div>\n\t\t\t\t\t\t<\/div>\n\t\t\t\t\t<\/div>\n\t\t","protected":false},"excerpt":{"rendered":"<p>Service und Dienstleistungen Romarin Altbausanierung und Innenausbau freut sich Ihnen kompetente Beratung, Sanierungskonzepte sowie Individuellen Innenausbau anzubieten. Dazu z\u00e4hlen unter anderem der Verkauf sowie Austausch Ihrer alten Fenster und T\u00fcren, Glasbau bzw. Austausch defekter Scheiben. Die Wartung und Reparatur besagter Bauelemente. Reparatur von Einbruchs Sch\u00e4den. Beratung und Verkauf von Sicherheitstechnik um diesen Einbruchs Sch\u00e4den Vorzubeugen.Verkauf,Montage&hellip;<\/p>\n","protected":false},"author":1,"featured_media":0,"parent":0,"menu_order":0,"comment_status":"closed","ping_status":"closed","template":"","meta":{"footnotes":""},"_links":{"self":[{"href":"https:\/\/romarin.de\/index.php?rest_route=\/wp\/v2\/pages\/115"}],"collection":[{"href":"https:\/\/romarin.de\/index.php?rest_route=\/wp\/v2\/pages"}],"about":[{"href":"https:\/\/romarin.de\/index.php?rest_route=\/wp\/v2\/types\/page"}],"author":[{"embeddable":true,"href":"https:\/\/romarin.de\/index.php?rest_route=\/wp\/v2\/users\/1"}],"replies":[{"embeddable":true,"href":"https:\/\/romarin.de\/index.php?rest_route=%2Fwp%2Fv2%2Fcomments&post=115"}],"version-history":[{"count":3,"href":"https:\/\/romarin.de\/index.php?rest_route=\/wp\/v2\/pages\/115\/revisions"}],"predecessor-version":[{"id":319,"href":"https:\/\/romarin.de\/index.php?rest_route=\/wp\/v2\/pages\/115\/revisions\/319"}],"wp:attachment":[{"href":"https:\/\/romarin.de\/index.php?rest_route=%2Fwp%2Fv2%2Fmedia&parent=115"}],"curies":[{"name":"wp","href":"https:\/\/api.w.org\/{rel}","templated":true}]}}